= 0, 3*t - c = 32. What is the remainder when t is divided by (j + -2)/(3 - 2)?
0
Let w = -8312 - -8411. What is the remainder when w is divided by 25?
24
Let r = -3381 + 3595. What is the remainder when r is divided by 1/7 - (-251)/7?
34
Suppose 2*r = -3*b + 1482, r + 5*b - 4*b = 743. What is the remainder when r is divided by 17?
16
Let h(t) = -13*t**3 + 3*t**2 - 116*t - 634. Calculate the remainder when h(-5) is divided by 61.
60
Let z(w) = -2*w - 10. Let u be z(-6). Suppose -4*d + 42 = s, -5*s - u*d + 285 = -7*d. Suppose 8*l = -l + s. What is the remainder when 8 is divided by l?
2
Let z be 6/2*(-88)/6. Let q be 3/4*4 - z. Suppose 0 = 3*k + q - 281. What is the remainder when k is divided by 16?
14
Suppose -53 = -3*b + 2*x, -b - 3*x + 8 = -17. Let s = b - 10. Calculate the remainder when 26 is divided by (s*-1)/(4/(-4)).
8
Suppose 4*d = -5*b + 5543, 541*b - d + 1108 = 542*b. What is the remainder when b is divided by 120?
31
Let n = 12220 - 12194. Suppose 0*w - 56 = -w + 4*z, z + 179 = 4*w. Calculate the remainder when w is divided by n.
18
Let s(o) = 383*o - 371*o - 11*o**2 + 2*o**3 + 12 - o**3. Suppose -4*h + 44 = 5*n, 2*h = -2*n + 21 + 1. What is the remainder when s(10) is divided by h?
10
What is the remainder when 340 is divided by (-106 + -8)*(-9)/9?
112
Let u = 1799 + -1777. Suppose 5*j + 3*a - 414 = 0, 74 = -0*j + j + 5*a. What is the remainder when j is divided by u?
18
Let x(b) = 11*b + 72. Let g be x(-11). Calculate the remainder when (90/2)/(6/4) is divided by (-399)/g + 3/(-21).
6
Let c = -6163 + 6187. What is the remainder when 704 is divided by c?
8
Suppose -65643 - 48542 = -205*w. Calculate the remainder when w is divided by 209.
139
Let i = 93 - 48. Calculate the remainder when (14 - (11 + -3))*(-325)/(-15) is divided by i.
40
Let g = 2553 + -2529. What is the remainder when ((-88)/10)/((-1)/5) is divided by g?
20
Let m(o) = -3*o + 19. Let s(q) = -q**3 - 11*q**2 + 12*q - 1. Let r be s(-6). Let f = -171 - r. Calculate the remainder when f is divided by m(4).
5
Let m = 2401 - 588. Calculate the remainder when m is divided by 11.
9
Let l = 1147 + -914. Calculate the remainder when l is divided by 26.
25
Suppose 8*t + 114 = 7*t - 3*y, t = 2*y - 104. Let k = 42 - t. What is the remainder when k is divided by 19?
17
Suppose 0 = -58*m + 4048 + 12308. Calculate the remainder when m is divided by 94.
0
Suppose -2*q - 3*q + 1096 = 3*p, q + 4 = 0. Suppose -39 = x - p. Calculate the remainder when x is divided by 16.
13
Suppose 56 = 5*o - 4*o. Suppose -13*q - o = -17*q. What is the remainder when 208 is divided by q?
12
Let u(a) = -2*a**3 - 23*a**2 + 38*a - 5. Calculate the remainder when u(-14) is divided by 77.
58
Suppose -15 = 4*z - 75. Suppose -2*a + 352 + 218 = 0. Suppose -6*t = -t - a. Calculate the remainder when t is divided by z.
12
Calculate the remainder when 108 is divided by 43 - (8/52 - (-126)/26).
32
Let v(l) = -248*l + 5005. Suppose b + 50 = 5*w - w, -5*w - 4*b + 52 = 0. What is the remainder when v(20) is divided by w?
9
Suppose -915 + 510 = -5*n. What is the remainder when 645 is divided by n?
78
Let s = 3551 - 3379. Let m = -59 - -27. What is the remainder when s is divided by 3 - (-1 - (-1 - m))?
32
Let s = -780 + 781. Suppose o - 22 = 8. What is the remainder when o is divided by 3 + -6 + (s - -3 - -7)?
6
Let u(m) = m + 4. Let p be u(-2). Suppose g - p = 1. Suppose -5*a = -3*j - 3 - 27, 3*a - g*j = 24. What is the remainder when 19 is divided by a?
1
Suppose -46*n + 1180 = -2316. What is the remainder when 745 is divided by n?
61
Let g(p) = 11*p**2 + p. Let l(o) = -o**3 + 6*o**2 + 8*o + 3. Let k be l(7). Suppose k*z - 9 = 1. Calculate the remainder when 29 is divided by g(z).
5
Suppose -2*k - 57 = -3*b, b - 5*k + 1577 = 1570. What is the remainder when 4621 is divided by b?
21
Suppose -63 = -8*y - 39. Calculate the remainder when 697 is divided by y.
1
Let r be ((-6)/(-7))/(6/252). Suppose 3*o = -o + r. Calculate the remainder when 19 is divided by (o - -1)/(12 + -11).
9
Suppose -4*z + 5*b = -105 - 160, 2*b = 5*z - 310. Suppose 0 = 5*p - 5*h - z, 3*p + 84*h = 83*h + 16. Calculate the remainder when 26 is divided by p.
5
Let t(m) = -739*m - 3644. What is the remainder when t(-18) is divided by 84?
82
Let r(m) = -2*m**3 - 31*m**2 + 52*m + 31. Calculate the remainder when 1145 is divided by r(-17).
11
Suppose 5*l - 12 = 53. Let k = l - 3. What is the remainder when 7 + (-154)/21 + 275/15 is divided by k?
8
Suppose -3*b + 288 = 5*s, -115 + 30 = -b + 2*s. What is the remainder when 102 is divided by b/(-7)*(-1)/2*4?
24
Suppose 0 = -o + 5*a + 11, 0*o + 4*o - 26 = 2*a. Let g be (-7)/((-63)/o)*3. Suppose -140 = -g*q - 36. What is the remainder when q is divided by 19?
14
Suppose -5*b - 3*v + 77 = 0, 0 = 1204*b - 1207*b + 2*v + 69. Calculate the remainder when (89/(-3))/((-2)/6) is divided by b.
13
Suppose 4*v - 3488 = 9*x - 14*x, -3*x + v + 2103 = 0. Let j = 1387 - x. Calculate the remainder when j is divided by 16.
15
Suppose 0 = -15*o + 246 - 51. What is the remainder when 517 is divided by o?
10
Suppose 5*w - 81 = -p + 698, -2*p + 1574 = 2*w. Let n be (-116)/24 + 10/(-60) + 3. Calculate the remainder when 8/6 + n/((-18)/p) is divided by 23.
20
Let j(x) = -x**2 + 6*x + 1. Let b be j(6). Calculate the remainder when 33 is divided by (-108 + 4)/(-13)*b/2.
1
Suppose -n - 1 = -4. Suppose 0*l = -4*l - 4, 2*l = -n*r - 98. Let d = 40 - r. Calculate the remainder when d is divided by 15.
12
Suppose -179*n - 1350 = 18*n - 4896. Calculate the remainder when 279 is divided by n.
9
Let j(y) = 10*y**2 + 83*y + 755. Calculate the remainder when 2122 is divided by j(-11).
18
Let l(h) = h**3 + 32*h**2 + 70*h - 45. What is the remainder when l(-22) is divided by 88?
87
Let r = -228 + 228. Suppose 216 = 11*p - 6*p - v, -4*p - v + 180 = r. What is the remainder when 84 is divided by p?
40
Suppose -5*p = -11*i + 9*i - 1, -3 = p - 2*i. Let c = 6 + 9. Suppose -5*j - c - 13 = -3*x, -3*x + 13 = -2*j. Calculate the remainder when x is divided by p.
0
Let j = -2 - -13. Suppose -46*i = -8*i. Calculate the remainder when -5*(86/(-10) - i) is divided by j.
10
Suppose 0 = 2*g + w - 113, -g - 416*w = -414*w - 49. Calculate the remainder when g is divided by 0 + 0 + -4 + 7 + 1.
3
Suppose -32 = -5*q + 3*d, 0*q + 4*d + 8 = -2*q. Suppose 2*t - 24 = -q*b + 106, 0 = -2*t + 10. Calculate the remainder when 146 is divided by b.
26
Suppose 4*n + 0*n - 12 = 0. Let s be -7 + -14 - n/(-1). Let j(f) = 2*f**3 + 36*f**2 - 12*f - 8. What is the remainder when j(s) is divided by 35?
33
Let z(w) be the second derivative of -w**3/6 + 11*w**2/2 + 88*w. Let c(g) = -3*g - 9. Let t be c(-4). Calculate the remainder when 31 is divided by z(t).
7
Suppose l - 135 - 31 = 0. Let o be (2464/440)/((-2)/(-5)). Calculate the remainder when l is divided by 46/14 - 3 - (-108)/o.
6
Suppose -25*v - 507 = -83*v + 189. Calculate the remainder when 1523 is divided by v.
11
Let w = -13 + 35. Let r(k) = k**3 - 27*k**2 + 54*k - 108. Let y be r(25). Let l(g) = -3*g**2 - 32*g - 61. Calculate the remainder when w is divided by l(y).
1
Let x(y) = -4*y**2 - 3 + 30*y - 38*y**3 - 1 + 15*y**2 + 37*y**3 - 1. Calculate the remainder when 58 is divided by x(-3).
27
Suppose v - l = -35, l - 2 - 2 = 0. Let j = 46 + v. Let c = 7062 - 7007. What is the remainder when c is divided by j?
10
Let j(v) = 4*v**2 - 108*v + 677. Calculate the remainder when j(7) is divided by 46.
25
Let g(s) = 12*s + 782. Calculate the remainder when 146 is divided by g(-61).
46
Suppose -16*g + 18*g - 2*d = 206, g = -5*d + 127. Calculate the remainder when 812 is divided by g.
63
Let p(q) = 12*q - 120. Let n be p(10). Let g(h) = -2*h**2 - h + 15. What is the remainder when 147 is divided by g(n)?
12
Suppose -49*w + 59207 = 13686. What is the remainder when w is divided by 53?
28
Let y = 123 + -101. Let k = 12 - 5. Calculate the remainder when (-4)/y - (-6 + (-1600)/88) is divided by k.
3
Let f be 6190/25 + (0 - (-2)/5). Suppose 2*m - 224 = 4*r, 0 = 2*m - 2*r + 4*r - f. What is the remainder when m is divided by 11?
10
Let q(m) = -m**2 - 18*m - 26. Let f be q(-7). Suppose -f = 23*b - 26*b. What is the remainder when 98 is divided by b?
13
Let q be (-1)/3 + 185/15. Let i = 6 + q. Let l = -74443 - -74447. What is the remainder 